{"id":70772,"date":"2016-06-21T19:50:39","date_gmt":"2016-06-21T19:50:39","guid":{"rendered":"http:\/\/www.lancry.cl\/web\/?post_type=product&#038;p=70772"},"modified":"2016-10-12T15:26:30","modified_gmt":"2016-10-12T15:26:30","slug":"alicate-para-cuticulas","status":"publish","type":"product","link":"http:\/\/www.lancry.cl\/web\/producto\/alicate-para-cuticulas\/","title":{"rendered":"Alicate cut\u00edculas"},"content":{"rendered":"","protected":false},"excerpt":{"rendered":"<p style=\"text-align: justify;\">Pr\u00e1ctico alicate corta cut\u00edculas. Segura y c\u00f3moda, no da\u00f1a las u\u00f1as.<\/p>\n<p style=\"text-align: justify;\"><span style=\"color: #800080;\">Alicate cut\u00edculas<\/span><\/p>\n<p><a href=\"http:\/\/www.lancry.cl\/web\/manicure\/\"><span style=\"color: #800080;\"><b>Volver a Manicure<\/b><\/span><\/a><\/p>\n","protected":false},"featured_media":70773,"comment_status":"closed","ping_status":"closed","template":"","meta":{"_joinchat":[]},"class_list":["post-70772","product","type-product","status-publish","has-post-thumbnail","hentry","product_cat-manicure"],"_links":{"self":[{"href":"http:\/\/www.lancry.cl\/web\/wp-json\/wp\/v2\/product\/70772","targetHints":{"allow":["GET"]}}],"collection":[{"href":"http:\/\/www.lancry.cl\/web\/wp-json\/wp\/v2\/product"}],"about":[{"href":"http:\/\/www.lancry.cl\/web\/wp-json\/wp\/v2\/types\/product"}],"replies":[{"embeddable":true,"href":"http:\/\/www.lancry.cl\/web\/wp-json\/wp\/v2\/comments?post=70772"}],"wp:featuredmedia":[{"embeddable":true,"href":"http:\/\/www.lancry.cl\/web\/wp-json\/wp\/v2\/media\/70773"}],"wp:attachment":[{"href":"http:\/\/www.lancry.cl\/web\/wp-json\/wp\/v2\/media?parent=70772"}],"curies":[{"name":"wp","href":"https:\/\/api.w.org\/{rel}","templated":true}]}}