{"id":70791,"date":"2016-07-04T20:05:55","date_gmt":"2016-07-04T20:05:55","guid":{"rendered":"http:\/\/www.lancry.cl\/web\/?post_type=product&#038;p=70791"},"modified":"2016-10-12T15:19:26","modified_gmt":"2016-10-12T15:19:26","slug":"lima-con-sacacuticulas","status":"publish","type":"product","link":"http:\/\/www.lancry.cl\/web\/producto\/lima-con-sacacuticulas\/","title":{"rendered":"Lima u\u00f1as 6&#8243; safiro con sacacut\u00edculas"},"content":{"rendered":"","protected":false},"excerpt":{"rendered":"<p style=\"text-align: justify;\">Pr\u00e1ctico accesorio, dos en uno: lima met\u00e1lica m\u00e1s sacacut\u00edcula.<\/p>\n<p style=\"text-align: justify;\"><span style=\"color: #800080;\">Lima u\u00f1as 6&#8243; safiro con sacacut\u00edculas con funda<\/span><\/p>\n<p><a href=\"http:\/\/www.lancry.cl\/web\/manicure\/\"><span style=\"color: #800080;\"><b>Volver a Manicure<\/b><\/span><\/a><\/p>\n<p>&nbsp;<\/p>\n","protected":false},"featured_media":71404,"comment_status":"closed","ping_status":"closed","template":"","meta":{"_joinchat":[]},"class_list":["post-70791","product","type-product","status-publish","has-post-thumbnail","hentry","product_cat-manicure"],"_links":{"self":[{"href":"http:\/\/www.lancry.cl\/web\/wp-json\/wp\/v2\/product\/70791","targetHints":{"allow":["GET"]}}],"collection":[{"href":"http:\/\/www.lancry.cl\/web\/wp-json\/wp\/v2\/product"}],"about":[{"href":"http:\/\/www.lancry.cl\/web\/wp-json\/wp\/v2\/types\/product"}],"replies":[{"embeddable":true,"href":"http:\/\/www.lancry.cl\/web\/wp-json\/wp\/v2\/comments?post=70791"}],"wp:featuredmedia":[{"embeddable":true,"href":"http:\/\/www.lancry.cl\/web\/wp-json\/wp\/v2\/media\/71404"}],"wp:attachment":[{"href":"http:\/\/www.lancry.cl\/web\/wp-json\/wp\/v2\/media?parent=70791"}],"curies":[{"name":"wp","href":"https:\/\/api.w.org\/{rel}","templated":true}]}}