{"id":71005,"date":"2016-06-22T19:45:23","date_gmt":"2016-06-22T19:45:23","guid":{"rendered":"http:\/\/www.lancry.cl\/web\/?post_type=product&#038;p=71005"},"modified":"2016-10-12T15:26:24","modified_gmt":"2016-10-12T15:26:24","slug":"pincel-con-tapa","status":"publish","type":"product","link":"http:\/\/www.lancry.cl\/web\/producto\/pincel-con-tapa\/","title":{"rendered":"Pincel facial con tapa"},"content":{"rendered":"","protected":false},"excerpt":{"rendered":"<p style=\"text-align: justify;\">Dise\u00f1ado para la aplicaci\u00f3n uniforme del maquillaje, este pincel adem\u00e1s es f\u00e1cil de portar en carteras y cosmetiqueras, ya que incluye una tapa protectora.<\/p>\n<p style=\"text-align: justify;\"><span style=\"color: #800080;\">9557 Pincel facial con tapa<\/span><\/p>\n<p style=\"text-align: left;\"><a href=\"http:\/\/www.lancry.cl\/web\/pinceles\/\"><span style=\"color: #800080;\"><strong>Volver a Pinceles y Aplicadores<\/strong><\/span><\/a><\/p>\n","protected":false},"featured_media":71006,"comment_status":"closed","ping_status":"closed","template":"","meta":{"_joinchat":[]},"class_list":["post-71005","product","type-product","status-publish","has-post-thumbnail","hentry","product_cat-aplicadores-sombra","product_cat-pincel"],"_links":{"self":[{"href":"http:\/\/www.lancry.cl\/web\/wp-json\/wp\/v2\/product\/71005","targetHints":{"allow":["GET"]}}],"collection":[{"href":"http:\/\/www.lancry.cl\/web\/wp-json\/wp\/v2\/product"}],"about":[{"href":"http:\/\/www.lancry.cl\/web\/wp-json\/wp\/v2\/types\/product"}],"replies":[{"embeddable":true,"href":"http:\/\/www.lancry.cl\/web\/wp-json\/wp\/v2\/comments?post=71005"}],"wp:featuredmedia":[{"embeddable":true,"href":"http:\/\/www.lancry.cl\/web\/wp-json\/wp\/v2\/media\/71006"}],"wp:attachment":[{"href":"http:\/\/www.lancry.cl\/web\/wp-json\/wp\/v2\/media?parent=71005"}],"curies":[{"name":"wp","href":"https:\/\/api.w.org\/{rel}","templated":true}]}}

<p style="text-align: justify;">Diseñado para la aplicación uniforme del maquillaje, este pincel además es fácil de portar en carteras y cosmetiqueras, ya que incluye una tapa protectora.</p>
<p style="text-align: justify;"><span style="color: #800080;">9557 Pincel facial con tapa</span></p>
<p style="text-align: left;"><a href="http://www.lancry.cl/web/pinceles/"><span style="color: #800080;"><strong>Volver a Pinceles y Aplicadores</strong></span></a></p>
