{"id":71029,"date":"2016-06-28T19:53:09","date_gmt":"2016-06-28T19:53:09","guid":{"rendered":"http:\/\/www.lancry.cl\/web\/?post_type=product&#038;p=71029"},"modified":"2016-10-12T15:23:46","modified_gmt":"2016-10-12T15:23:46","slug":"aplicador-punta-esponja-3","status":"publish","type":"product","link":"http:\/\/www.lancry.cl\/web\/producto\/aplicador-punta-esponja-3\/","title":{"rendered":"Aplicador punta esponja"},"content":{"rendered":"","protected":false},"excerpt":{"rendered":"<p style=\"text-align: justify;\">Dise\u00f1ado para aplicar sombra sobre la superficie de los p\u00e1rpados. Extienda la sombra en forma pareja y completa, desde el centro del p\u00e1rpado hacia el exterior, dando un efecto difuminado. Confeccionados en material de esponja (felpa y sint\u00e9tico).Variedad de tama\u00f1os, para distintos detalles.<\/p>\n<p><span style=\"color: #800080;\">8143-2 Aplicador punta esponja\u00a0<\/span><\/p>\n<p><span style=\"color: #800080;\"><strong><a style=\"color: #800080;\" href=\"http:\/\/www.lancry.cl\/web\/producto\/aplicador-esponja-blister\/\">Consulte por el set\u00a0de 3 unidades<\/a><\/strong><\/span><\/p>\n<p><img loading=\"lazy\" decoding=\"async\" class=\"alignleft wp-image-71259\" src=\"http:\/\/www.lancry.cl\/web\/wp-content\/uploads\/2016\/07\/aplic_esponja_blister.png\" alt=\"aplic_esponja_blister\" width=\"116\" height=\"150\" srcset=\"http:\/\/www.lancry.cl\/web\/wp-content\/uploads\/2016\/07\/aplic_esponja_blister.png 310w, http:\/\/www.lancry.cl\/web\/wp-content\/uploads\/2016\/07\/aplic_esponja_blister-233x300.png 233w\" sizes=\"auto, (max-width: 116px) 100vw, 116px\" \/><\/p>\n<p>&nbsp;<\/p>\n<p>&nbsp;<\/p>\n<p>&nbsp;<\/p>\n<p>&nbsp;<\/p>\n<p>&nbsp;<\/p>\n<p><a href=\"http:\/\/www.lancry.cl\/web\/pinceles\/\"><strong><span style=\"color: #800080;\">Volver a Pinceles y Aplicadores<\/span><\/strong><\/a><\/p>\n","protected":false},"featured_media":71030,"comment_status":"closed","ping_status":"closed","template":"","meta":{"_joinchat":[]},"class_list":["post-71029","product","type-product","status-publish","has-post-thumbnail","hentry","product_cat-aplicadores-sombra","product_cat-pincel"],"_links":{"self":[{"href":"http:\/\/www.lancry.cl\/web\/wp-json\/wp\/v2\/product\/71029","targetHints":{"allow":["GET"]}}],"collection":[{"href":"http:\/\/www.lancry.cl\/web\/wp-json\/wp\/v2\/product"}],"about":[{"href":"http:\/\/www.lancry.cl\/web\/wp-json\/wp\/v2\/types\/product"}],"replies":[{"embeddable":true,"href":"http:\/\/www.lancry.cl\/web\/wp-json\/wp\/v2\/comments?post=71029"}],"wp:featuredmedia":[{"embeddable":true,"href":"http:\/\/www.lancry.cl\/web\/wp-json\/wp\/v2\/media\/71030"}],"wp:attachment":[{"href":"http:\/\/www.lancry.cl\/web\/wp-json\/wp\/v2\/media?parent=71029"}],"curies":[{"name":"wp","href":"https:\/\/api.w.org\/{rel}","templated":true}]}}