{"id":71254,"date":"2016-06-28T19:56:02","date_gmt":"2016-06-28T19:56:02","guid":{"rendered":"http:\/\/www.lancry.cl\/web\/?post_type=product&#038;p=71254"},"modified":"2016-10-12T15:23:28","modified_gmt":"2016-10-12T15:23:28","slug":"pincel-delin-ojos-x-3","status":"publish","type":"product","link":"http:\/\/www.lancry.cl\/web\/producto\/pincel-delin-ojos-x-3\/","title":{"rendered":"Set Pincel Delineador de ojos"},"content":{"rendered":"","protected":false},"excerpt":{"rendered":"<p style=\"text-align: justify;\">Pinceles muy finos, que permiten dibujar una l\u00ednea continua y delgada en el p\u00e1rpado, sobre las pesta\u00f1as. Comenzando desde la parte interior del ojo hacia afuera, alargando el ojo.Confeccionados con la mejor calidad de pelos. Blister con 3 unidades.<\/p>\n<p style=\"text-align: justify;\"><span style=\"color: #800080;\">9614 Pincel delin. ojos blister x 3<\/span><\/p>\n<p style=\"text-align: justify;\"><a href=\"http:\/\/www.lancry.cl\/web\/pinceles\/\"><span style=\"color: #800080;\"><strong>Volver a Pinceles y Aplicadores<\/strong><\/span><\/a><\/p>\n","protected":false},"featured_media":71255,"comment_status":"closed","ping_status":"closed","template":"","meta":{"_joinchat":[]},"class_list":["post-71254","product","type-product","status-publish","has-post-thumbnail","hentry","product_cat-galeria"],"_links":{"self":[{"href":"http:\/\/www.lancry.cl\/web\/wp-json\/wp\/v2\/product\/71254","targetHints":{"allow":["GET"]}}],"collection":[{"href":"http:\/\/www.lancry.cl\/web\/wp-json\/wp\/v2\/product"}],"about":[{"href":"http:\/\/www.lancry.cl\/web\/wp-json\/wp\/v2\/types\/product"}],"replies":[{"embeddable":true,"href":"http:\/\/www.lancry.cl\/web\/wp-json\/wp\/v2\/comments?post=71254"}],"wp:featuredmedia":[{"embeddable":true,"href":"http:\/\/www.lancry.cl\/web\/wp-json\/wp\/v2\/media\/71255"}],"wp:attachment":[{"href":"http:\/\/www.lancry.cl\/web\/wp-json\/wp\/v2\/media?parent=71254"}],"curies":[{"name":"wp","href":"https:\/\/api.w.org\/{rel}","templated":true}]}}