{"id":71281,"date":"2016-01-08T21:46:51","date_gmt":"2016-01-08T21:46:51","guid":{"rendered":"http:\/\/www.lancry.cl\/web\/?post_type=product&#038;p=71281"},"modified":"2016-10-12T15:36:25","modified_gmt":"2016-10-12T15:36:25","slug":"corta-unas-grande-chico","status":"publish","type":"product","link":"http:\/\/www.lancry.cl\/web\/producto\/corta-unas-grande-chico\/","title":{"rendered":"Corta u\u00f1as grande + chico"},"content":{"rendered":"","protected":false},"excerpt":{"rendered":"<p style=\"text-align: justify;\">Set corta u\u00f1as grande m\u00e1s corta u\u00f1as chico<\/p>\n<p style=\"text-align: justify;\"><span style=\"color: #800080;\">Set corta u\u00f1as grande + Corta u\u00f1as chico<\/span><\/p>\n<p style=\"text-align: justify;\"><a href=\"http:\/\/www.lancry.cl\/web\/manicure\/\"><span style=\"color: #800080;\"><strong>Volver a Manicure<\/strong><\/span><\/a><\/p>\n","protected":false},"featured_media":71282,"comment_status":"closed","ping_status":"closed","template":"","meta":{"_joinchat":[]},"class_list":["post-71281","product","type-product","status-publish","has-post-thumbnail","hentry","product_cat-galeria"],"_links":{"self":[{"href":"http:\/\/www.lancry.cl\/web\/wp-json\/wp\/v2\/product\/71281","targetHints":{"allow":["GET"]}}],"collection":[{"href":"http:\/\/www.lancry.cl\/web\/wp-json\/wp\/v2\/product"}],"about":[{"href":"http:\/\/www.lancry.cl\/web\/wp-json\/wp\/v2\/types\/product"}],"replies":[{"embeddable":true,"href":"http:\/\/www.lancry.cl\/web\/wp-json\/wp\/v2\/comments?post=71281"}],"wp:featuredmedia":[{"embeddable":true,"href":"http:\/\/www.lancry.cl\/web\/wp-json\/wp\/v2\/media\/71282"}],"wp:attachment":[{"href":"http:\/\/www.lancry.cl\/web\/wp-json\/wp\/v2\/media?parent=71281"}],"curies":[{"name":"wp","href":"https:\/\/api.w.org\/{rel}","templated":true}]}}